11*p**5/60 - p**3/6 + p**2. Let y = 458 - 438. Suppose -10*w + y = 10*w. Calculate k(w).
-12
Let m(g) be the third derivative of -1/24*g**4 - 20*g**2 + 1/60*g**5 + 0 + 0*g - 1/120*g**6 + 5/2*g**3. Suppose -9*n = 6*n. What is m(n)?
15
Let g(s) = 5*s + 44. Let p(y) = 14*y**2 - 349*y - 25. Let m be p(25). What is g(m)?
44
Let z(d) be the first derivative of 2*d**3/3 + 3*d**2/2 + 4*d + 2. Let b = -4914 - -4911. Determine z(b).
13
Let p(y) = 12*y**3 + 17*y**2 - y - 57. Let o(g) = -7*g**3 - 9*g**2 + 28. Let r(c) = -5*o(c) - 3*p(c). Determine r(-6).
13
Suppose 0 = -25*u - 159 - 41. Let v(b) = -b**3 - 7*b - 140*b**2 + 72*b**2 + 1 + 59*b**2. Calculate v(u).
-7
Let f(w) = 4*w**2 + 2*w - 2. Let u be f(1). Let m(t) = 3*t**2 - 13*t + 3. Determine m(u).
-1
Let a(f) = -f**2 + 20*f - 33. Let b = 7455 - 7437. What is a(b)?
3
Suppose 2*q + 4*w - 40 = 0, 224*w = -3*q + 227*w - 12. Let p(m) be the third derivative of -m**4/24 + 5*m**3/3 + m**2. Give p(q).
6
Suppose -4*j - 9 = 3*g + 6, 3*j + 4 = 5*g. Let q be 6 - ((j - -1) + -1). Let i(v) = 3*v + 2 + 3*v + 4*v - q*v. Give i(-5).
-3
Let o = -25 + 28. Let p(k) = 4*k**2 + 1 + 0*k**o - 46*k - k**3 + 51*k. Determine p(5).
1
Let t = 24231 - 24234. Let n(i) = -2*i**2 - 5*i + 7. Give n(t).
4
Let w = -346 - -509. Let u(l) = 4 - 5*l**2 - w*l - 6*l**3 + 7*l**3 + 165*l. Determine u(3).
-8
Let a(o) = o - 37. Let s be a(17). Let t = s + 32. Let y(j) = -10*j + 0 - 3*j - 6 + t*j. What is y(7)?
-13
Let v(x) = -2*x**3 - 11*x**2 - 3*x + 2. Let p(z) = -z**3 - 10*z**2 - 2*z + 2. Let m(d) = 3*p(d) - 2*v(d). Suppose 67 = 10*t - 9 - 4. Calculate m(t).
2
Let n = 14 - 12. Suppose n*x - 10 - 4 = 0. Let h(c) = x*c**2 + c**3 + 4 - 3*c**2 + 2*c**2. What is h(-6)?
4
Let x(k) = 39*k - 14*k - 20*k - 39*k**3 + 77*k**3 - 39*k**3 + 5*k**2. Give x(6).
-6
Let g(u) be the third derivative of -7*u**4/3 - 95*u**3/2 + 342*u**2. Calculate g(-5).
-5
Let o(c) be the second derivative of 5/6*c**4 + 1/20*c**5 + 2*c - 3 - 8*c**2 - 2*c**3. What is o(-11)?
-5
Let n(j) = -115*j**2 + j - 5. Let u(s) = -369*s**2 + 4*s - 16. Let p(c) = 7*n(c) - 2*u(c). Calculate p(-1).
-69
Let n(v) = -v**3 - v**2 + v - 3. Let y(x) = -10*x - 234*x**2 + 235*x**2 - 6*x + 6*x + 24. Let o be y(6). What is n(o)?
-3
Let f(r) = 4*r - 43. Suppose -3*c = 65*m - 66*m - 33, -4*c = -3*m - 39. What is f(c)?
5
Let b(r) be the third derivative of 0 - 94*r**2 + 1/12*r**4 - r + 3*r**3. Give b(-10).
-2
Let i(h) = 16*h - 326. Let w be i(20). Let u(g) = -4*g**2 - 21*g - 1. Calculate u(w).
-19
Let f(n) = -n + 9. Let t = 11925 + -11925. Determine f(t).
9
Suppose -7*n + 90 - 27 = 0. Suppose -n*p + 5*p = 2*x + 30, 0 = -p - 5*x + 6. Let v(c) = c + 10. Give v(p).
1
Let h(c) be the second derivative of c**3/6 + 4*c**2 + 5*c - 17. Suppose -29*g = -32*g - 24. Determine h(g).
0
Let l(i) = 2*i**2 + 6*i + 3. Let u(z) = -3*z**2 - z + 43. Let h be u(-9). Let q = h + 187. Calculate l(q).
11
Let x(t) = 10*t**2 + 7*t + 8. Let u(a) = -21*a**2 - 15*a - 17. Let k(y) = 6*u(y) + 13*x(y). Let v = -4441 + 4439. What is k(v)?
16
Let m(a) be the first derivative of -a**2/2 - 9*a + 13. Let j be m(-5). Let r(g) = -8 - 4 + 18 + g**2 - 2 + 3*g. Calculate r(j).
8
Let l(u) = -u**3 + 9*u**2 - 6*u - 8. Let j be l(8). Let c = j - 14. Let o(i) be the second derivative of i**3/3 + 2*i**2 - 55*i. Determine o(c).
-8
Let m(x) = -x + 15. Let t be m(10). Suppose 0*b - 5*b + t*n = -55, 2*n = -3*b + 8. Let p(c) = -b + 4 - 6*c**2 + 1 + c**3 + 5*c + 3. What is p(4)?
-10
Let q(m) = 2*m**3 + 138*m**2 - 144*m - 282. Let a be q(-70). Let c(b) = -b**3 + 3*b**2 + 8*b + 6. Calculate c(a).
10
Let m = 23 + -16. Let d(p) be the second derivative of 0 - 2*p**2 + 4/3*p**3 + 1/2*p**4 - 1/20*p**5 - 8*p. Calculate d(m).
3
Suppose -13 = -3*y + 8. Let r(p) = 12 + 6*p - y - 6. Suppose -i + 70 - 71 = 0. Determine r(i).
-7
Let d(j) be the first derivative of -j**3 + 7*j**2 + 7*j - 32. Let o be d(5). Let q(c) = -87*c**3 + c**2 + 86*c**3 - 1 - c**o + 3*c. Give q(-3).
17
Let t(k) = k**3 - 7*k**2 - 7*k + 1. Let j = 7959 + -7952. Give t(j).
-48
Let l(t) = -t**3 - 22*t**2 + 3*t + 68. Let n be l(-22). Let d(k) = 3*k**2 - 2*k - 15 + 5 + k - 19*k**n - k**3. Calculate d(-16).
6
Let q(u) = -4*u**3 + u**2 + u - 2. Suppose 3*j + 0 = 3, f - j = -3. Determine q(f).
32
Suppose 4*c - 12 - 12 = 0. Let s(n) = -137*n + 275. Let j be s(2). Let t(g) = -5 - c*g + 13*g + 7*g**2 + j - 3*g**2 - g**3. Determine t(5).
6
Suppose 46*d = -42 + 636 + 188. Let p(b) = -b**3 + 18*b**2 - 17*b - 28. Calculate p(d).
-28
Suppose -21*l + 10*l = -220. Suppose l = y + 19*y. Let a(o) = -o - 3. Calculate a(y).
-4
Let u = 425 + -339. Suppose -u*m - 14 = -79*m. Let a(k) be the first derivative of k**4/4 - 2*k**3/3 - k**2 + 1. Calculate a(m).
-12
Let i be 5/((-50)/8)*5. Let d(f) be the first derivative of -f**3/3 - f**2 + 2*f + 563. Determine d(i).
-6
Let c(d) = d**3 - 7*d**2 - 19*d + 96. Let n be c(8). Let r(t) = -2*t**2 + 12*t - 11. Calculate r(n).
-43
Let f be (-132)/990 - (-15184)/30. Let l = f + -503. Let y(k) = 9*k + 1. Give y(l).
28
Let g(p) = -p**2 - 10*p - 18. Suppose -55*y + 801 = 1186. Calculate g(y).
3
Suppose 0 = -5*u + a + 54 + 116, 0 = 3*u + 5*a - 130. Let w = 45 - u. Let f(t) = -9*t + w*t + 15 + t**2 + 0. Calculate f(0).
15
Let k(b) = -6*b**2 - 209*b - 9. Let d(i) = -19*i**2 - 576*i - 26. Let y(m) = 3*d(m) - 8*k(m). What is y(-6)?
6
Let u(i) = -2*i**3 + 13*i**2 - 5*i + 17. Let y be (10 - (2 + 0)) + (108/12 - 10). What is u(y)?
-67
Let p(f) = f**3 + 10*f**2 - f + 2. Let h(a) = 43*a + 17. Let i be h(-14). Let w = i - -575. Give p(w).
12
Let t be (-2)/(2/9*33/(-286)). Let s(g) = t*g - 38*g + 16 - 37*g + 8. Determine s(-7).
3
Let y(o) = 2*o**2 - 42*o - 148. Let u(i) = 1235*i - 4916. Let c be u(4). Calculate y(c).
-4
Let g(h) be the first derivative of -h**3/3 - 4*h**2 - 5*h + 140. Suppose -5*f = -4*l + 12, 2*f + 3*l + 17 = 3. What is g(f)?
11
Let x(d) = -36692*d + 36704*d + 51 - 41. Determine x(-5).
-50
Suppose 3*d - k - 19 = -8, 0 = -4*d - k + 3. Let v(g) = 2459*g - g**2 - 2451*g + 6 + 2*g**d. Give v(-6).
-6
Let l(o) = 437*o + 5240. Let j be l(-12). Let i(k) = k**2 + 2*k - 3. Give i(j).
5
Let w(j) be the third derivative of -j**4/24 - 4*j**3/3 - 2404*j**2. Suppose -2*c - 20 = 2*b, 2*b - 6*b + 3*c = 33. Give w(b).
1
Let j be 475/(-1375)*11 - 2/10. Let i(r) = -29*r - 94. Calculate i(j).
22
Let u(s) = 2*s**3 + 24*s**2 + 100*s - 35. Let k(x) = 2*x**3 + 23*x**2 + 112*x - 35. Let a(l) = -7*k(l) + 8*u(l). Calculate a(-15).
-50
Let k be 50 + -26 + -19 + (-9 - 0). Let s(n) = -n**2 - 4*n - 2. Give s(k).
-2
Let y(g) = -71*g**2 + 33*g - 9. Let z(a) = 25*a**2 - 11*a + 3. Let w(p) = -6*y(p) - 17*z(p). Determine w(10).
-7
Let a(s) = -2*s - 15. Let d(c) = 3*c + 22. Let r(t) = 4*a(t) + 3*d(t). Suppose -n - 7 - 3 = -v, 3*v - n - 22 = 0. Let h be ((-14)/v)/(1/(-3)). Calculate r(h).
13
Let v(z) = z**3 + z**2 + z + 40. Let u be 9/6*(62/6 + -5). Suppose 0 = -15*m + m - u*m. Give v(m).
40
Let i(j) = -j**3 + 18*j**2 - 16*j - 14. Let z = 2026 + -2009. Give i(z).
3
Let n be 7 - (4/16 - (-39)/(-12)). Suppose -n*x - 120 = 2*x. Let o be (x/4 + 3)*-10. Let l(r) = -r**3 - 4*r**2 + 8*r + 5. What is l(o)?
-10
Let b(f) = 56 + 64 + 17*f + 67 - 250 + 64. Let i = 3 - 2. Determine b(i).
18
Let y(q) = 12*q + 44. Let x(l) = -6*l - 22. Let n(j) = -5*x(j) - 3*y(j). Let r be n(-4). Let a(h) = 2*h + r*h - 6*h. What is a(4)?
-8
Suppose 21*v - 1309 = 14*v. Let n(w) = -v + 187 - w. What is n(1)?
-1
Let q(s) = -s**3 - 6*s**2 + 8*s + 9. Let z(l) = -6*l**2 - 19*l - 22. Let d be z(-2). Suppose 16 = -5*m + m. Let x be (m/d*14)/(-1) - 0. Give q(x).
2
Let j = 63411 + -63417. Let d(t) = -4*t**3 + 7*t**2 + 5*t + 12. Let y(v) = -v**3 + 1. Let i(o) = -d(o) + 5*y(o). What is i(j)?
-13
Suppose -3*a = -h + 12 - 1, 5*h - 5*a = 25. Let l(k) = -5*k**3 - 3*k**2 - k + 17. Let f(w) = 3*w**3 + 2*w**2 + w - 11. Let t(i) = 8*f(i) + 5*l(i). What is t(h)?
-1
Let j(n) be the third derivative of n**5/60 + 7*n**4/6 + 61*n**3/3 + 6*n**2 + 54. Give j(-23).
7
Let k = 40 - 34. Suppose 2 + k = -8*n. Let l(j) = 8*j**3 - 6*j**2 - j + 5. Let a(t) = 16*t**3 - 11*t**2 - 2*t + 9. Let s(u) = -6*a(u) + 11*l(u). Give s(n).
8
Suppose 40 = 5*l + 3*l. Let y be 52/(-10) + (-4)/l. Let r(g) = g**2 + 9*g + 5. Calculate r(y).
-13
Let u(z) = z**3 + 4*z**2 - 3*z + 5. Let q(c) = -c + 1. Let w = 